{"id":10790,"date":"2017-11-28T21:12:34","date_gmt":"2017-11-28T21:12:34","guid":{"rendered":"http:\/\/seminare.framefier.com\/?page_id=10790"},"modified":"2026-02-20T09:54:24","modified_gmt":"2026-02-20T07:54:24","slug":"termine","status":"publish","type":"page","link":"https:\/\/xn--ngel-in-perfektion-ltb.de\/index.php\/termine\/","title":{"rendered":"Termine"},"content":{"rendered":"<p>[vc_row content_width=&#8220;grid&#8220; content_aligment=&#8220;center&#8220; center_bck_image=&#8220;no&#8220;][vc_column width=&#8220;1\/6&#8243;][\/vc_column][vc_column width=&#8220;2\/3&#8243;]<div class=\"eltd-section-title-outer-holder\" style=\"text-align: center\">\n\n    \t<div class=\"eltd-section-title-title-holder\">\n\t\t<h2 class=\"eltd-section-title\" style=\";;;;;;;\">\n\t\t\tUnsere Termine\t\t<\/h2>\n\t<\/div>\n    \t<span class=\"eltd-title-separator eltd-enable-separator\"><\/span>\n             <div class=\"eltd-section-subtitle-holder\">\n            <h5 class=\"eltd-section-subtitle\" style=\";;;;;;\" >\n            f\u00fcr Schulungen und Traninings        <\/h5>\n        <\/div>\n    \n<\/div>[\/vc_column][vc_column width=&#8220;1\/6&#8243;][\/vc_column][\/vc_row][vc_row center_bck_image=&#8220;no&#8220; css=&#8220;.vc_custom_1525627373963{padding-top: 32px !important;padding-bottom: 32px !important;}&#8220;][vc_column width=&#8220;1\/4&#8243;][\/vc_column][vc_column width=&#8220;1\/2&#8243;]<div class=\"eltd-section-title-outer-holder\" style=\"text-align: center\">\n\n    \t<div class=\"eltd-section-title-title-holder\">\n\t\t<h3 class=\"eltd-section-title\" style=\";;;;;;;\">\n\t\t\tTermine 2026\t\t<\/h3>\n\t<\/div>\n    \t<span class=\"eltd-title-separator \"><\/span>\n    \n<\/div>[vc_empty_space height=&#8220;50px&#8220;][vc_row_inner css=&#8220;.vc_custom_1698155072523{background-color: #f3f2f2 !important;}&#8220;][vc_column_inner width=&#8220;1\/3&#8243;][vc_empty_space height=&#8220;60px&#8220;]<div class=\"eltd-section-title-outer-holder\" style=\"text-align: left\">\n\n    \t<div class=\"eltd-section-title-title-holder\">\n\t\t<h5 class=\"eltd-section-title\" style=\";;color: #3a3a3a;;;;;\">\n\t\t\t06. - 07.06.2026\t\t<\/h5>\n\t<\/div>\n    \t<span class=\"eltd-title-separator \"><\/span>\n    \n<\/div>[\/vc_column_inner][vc_column_inner width=&#8220;1\/3&#8243;][vc_column_text]<strong>Studio Perfektion und Geschwindigkeit<\/strong><\/p>\n<p>Diese Schulung ist speziell auf Modellagen im Studioalltag und f\u00fcr Nageldesigner mit mehrj\u00e4hriger Erfahrung ausgerichtet. Wir lernen, wie wir N\u00e4gel erstellen, die zum Naturnagel der Kundin passen und, die bis zum Auff\u00fclltermin halten. Zus\u00e4tzlich arbeiten wir an der Geschwindigkeit f\u00fcr unsere Studion\u00e4gel. Abl\u00e4ufe werden optimiert, sodass wir Schritt f\u00fcr Schritt und mit Sicherheit zu deiner Perfektion im Studioalltag gelangen.[\/vc_column_text][\/vc_column_inner][vc_column_inner width=&#8220;1\/3&#8243;][vc_empty_space height=&#8220;10px&#8220;]<div class=\"eltd-section-title-outer-holder\" style=\"text-align: left\">\n\n    \t<div class=\"eltd-section-title-title-holder\">\n\t\t<h5 class=\"eltd-section-title\" style=\";;;;;;;\">\n\t\t\t580,00 \u20ac zzgl. MwSt\t\t<\/h5>\n\t<\/div>\n    \t<span class=\"eltd-title-separator \"><\/span>\n             <div class=\"eltd-section-subtitle-holder\">\n            <h5 class=\"eltd-section-subtitle\" style=\";;color: #4fb229;;;;\" >\n            FREIE PL\u00c4TZE        <\/h5>\n        <\/div>\n    \n<\/div>[vc_empty_space height=&#8220;10px&#8220;]<a href=\"https:\/\/xn--ngel-in-perfektion-ltb.de\/wp-content\/uploads\/2026\/02\/Anmeldung_06.06-07_Studio_Perfektion.pdf\" target=\"_blank\"  class=\"eltd-btn eltd-btn-medium eltd-btn-solid eltd-btn-gradient_hover\"  >\n    <span class=\"eltd-btn-text\">Anmeldeformular<\/span>\n    <\/a>[vc_empty_space height=&#8220;20px&#8220;][\/vc_column_inner][\/vc_row_inner][vc_empty_space height=&#8220;50px&#8220;][\/vc_column][vc_column width=&#8220;1\/4&#8243;][\/vc_column][\/vc_row][vc_row content_width=&#8220;grid&#8220; content_aligment=&#8220;center&#8220; center_bck_image=&#8220;no&#8220;][vc_column][vc_empty_space][vc_column_text]<\/p>\n<p style=\"text-align: center;\">Alle verf\u00fcgbaren Termine werden hier aufgef\u00fchrt.<\/p>\n<p>[\/vc_column_text][vc_empty_space][\/vc_column][\/vc_row]<\/p>\n","protected":false},"excerpt":{"rendered":"<p>[vc_row content_width=&#8220;grid&#8220; content_aligment=&#8220;center&#8220; center_bck_image=&#8220;no&#8220;][vc_column width=&#8220;1\/6&#8243;][\/vc_column][vc_column width=&#8220;2\/3&#8243;][\/vc_column][vc_column width=&#8220;1\/6&#8243;][\/vc_column][\/vc_row][vc_row center_bck_image=&#8220;no&#8220; css=&#8220;.vc_custom_1525627373963{padding-top: 32px !important;padding-bottom: 32px !important;}&#8220;][vc_column width=&#8220;1\/4&#8243;][\/vc_column][vc_column width=&#8220;1\/2&#8243;][vc_empty_space height=&#8220;50px&#8220;][vc_row_inner css=&#8220;.vc_custom_1698155072523{background-color: #f3f2f2 !important;}&#8220;][vc_column_inner width=&#8220;1\/3&#8243;][vc_empty_space height=&#8220;60px&#8220;][\/vc_column_inner][vc_column_inner width=&#8220;1\/3&#8243;][vc_column_text]Studio Perfektion und Geschwindigkeit Diese Schulung ist speziell auf Modellagen im Studioalltag und f\u00fcr Nageldesigner mit mehrj\u00e4hriger Erfahrung ausgerichtet. Wir lernen, wie wir N\u00e4gel&#8230;<\/p>\n","protected":false},"author":1,"featured_media":0,"parent":0,"menu_order":0,"comment_status":"closed","ping_status":"closed","template":"full-width.php","meta":[],"_links":{"self":[{"href":"https:\/\/xn--ngel-in-perfektion-ltb.de\/index.php\/wp-json\/wp\/v2\/pages\/10790"}],"collection":[{"href":"https:\/\/xn--ngel-in-perfektion-ltb.de\/index.php\/wp-json\/wp\/v2\/pages"}],"about":[{"href":"https:\/\/xn--ngel-in-perfektion-ltb.de\/index.php\/wp-json\/wp\/v2\/types\/page"}],"author":[{"embeddable":true,"href":"https:\/\/xn--ngel-in-perfektion-ltb.de\/index.php\/wp-json\/wp\/v2\/users\/1"}],"replies":[{"embeddable":true,"href":"https:\/\/xn--ngel-in-perfektion-ltb.de\/index.php\/wp-json\/wp\/v2\/comments?post=10790"}],"version-history":[{"count":209,"href":"https:\/\/xn--ngel-in-perfektion-ltb.de\/index.php\/wp-json\/wp\/v2\/pages\/10790\/revisions"}],"predecessor-version":[{"id":17277,"href":"https:\/\/xn--ngel-in-perfektion-ltb.de\/index.php\/wp-json\/wp\/v2\/pages\/10790\/revisions\/17277"}],"wp:attachment":[{"href":"https:\/\/xn--ngel-in-perfektion-ltb.de\/index.php\/wp-json\/wp\/v2\/media?parent=10790"}],"curies":[{"name":"wp","href":"https:\/\/api.w.org\/{rel}","templated":true}]}}